t, 970 = 2*x - t - 3*t. Is x a composite number?
False
Let h(t) = t**2 - 10*t + 31. Let r be h(5). Is 2792 + r/(2 + -4) composite?
False
Let a be (-10)/(-7)*21*334/(-3). Let s = a - -5931. Is s a prime number?
True
Let j = 8760 + -6181. Is j a prime number?
True
Let d be (((-1554725)/(-10))/(-5))/((-5)/10). Suppose -2*r - 12866 = 3*m - d, 0 = -3*m - 5*r + 49332. Is m a prime number?
False
Is (-3 - -2)*584041/(-19) composite?
True
Let l be (((-12)/16)/(-1))/(6/24). Suppose 4*g + 41476 = l*m - 18023, m - 3*g = 19828. Is m composite?
True
Suppose 113463 = 14*s - 64183. Is s a composite number?
False
Let j(x) = 114*x**3 + 22*x**2 - 122*x - 257. Is j(14) prime?
False
Let j = -26 - -30. Suppose -6*i - j*i + 81430 = 0. Is i composite?
True
Suppose 3*z - 241991 = -3*z + 1317703. Is z a composite number?
False
Suppose 3*n - 1092 + 89 = -5*q, 4*n = q - 196. Suppose 0 = -h + 669 - q. Is h a composite number?
True
Is (-2)/2*(21 + -16) + 834040 a prime number?
False
Suppose -2*x - 402*w = -403*w - 104276, 0 = -4*x + 4*w + 208540. Is x a prime number?
False
Let k = -9 - -1. Let n = -1834 + 989. Is n/(-15) - k/12 prime?
False
Suppose -2*b + 15 = -n, -n + 17 = 4*b - 16. Suppose -3*g + 2590 = -5*k, b*g - 13*g + 4328 = 3*k. Is g a composite number?
True
Suppose -4*p + 12 + 68 = -5*z, 2*p - 22 = -2*z. Let l be ((-3)/p)/(-3 - 32/(-10)). Is (1 + -45144)/7*1*l prime?
True
Let k(x) = -5328*x + 4223. Is k(-18) prime?
False
Is 10/60 - 8800799/(-42) a prime number?
True
Let v be 268257/297 + (4/18)/(-1). Let w = v + 980. Is w a prime number?
False
Let k(d) = -25101*d + 2464. Is k(-31) a prime number?
False
Let p be (-2 - -32)/(-6) + (-4)/2. Let m(g) = 6*g**2 + 13*g + 24. Let q be m(p). Suppose -4*r + 537 = -q. Is r a prime number?
True
Suppose -21838 = 4*o - 54954. Let w = o + -5776. Is w a composite number?
False
Let p(x) = -298*x**3 + 187*x**2 - 11*x - 198. Is p(-13) prime?
False
Let v be ((-1404)/(-30))/(2/(-180)). Let w = 6043 + v. Is w a prime number?
True
Let j(s) = -33*s - 45. Let q(c) = 32*c + 44. Let w(z) = -3*j(z) - 4*q(z). Is w(-12) a composite number?
False
Suppose 0 = -3*x - i + 286654, -6*i + 5*i - 477738 = -5*x. Is x prime?
True
Let o(l) = 7*l**3 - 3*l**2 - 6*l**3 + 0*l**3 + 6 - 7*l. Let p be o(4). Let z(y) = -717*y - 19. Is z(p) a composite number?
False
Suppose -4*x - 3*y + 28 = 0, 4*x - 3*x - y = 0. Is 143820/276 + x/(-46) composite?
False
Suppose -5*v - 8662 - 11798 = -r, -2*v = -3*r + 61367. Let b = -14124 + r. Is b prime?
False
Let g = -1140 + 49061. Is g composite?
True
Suppose -1359594 = 4*d - 7*d - 3*y, -906400 = -2*d + 2*y. Is d a composite number?
False
Let o(f) = 5091*f + 11. Let p(a) = 2546*a + 5. Let x(m) = -4*o(m) + 7*p(m). Is x(-1) prime?
False
Suppose 2*z = 2*a + 134, 0 = 2*a + 4*z + 83 + 39. Let r = a - -69. Suppose 0 = r*b - 3414 - 5918. Is b a prime number?
True
Suppose 0 = -9*d + 11*d - 32. Let r(g) be the third derivative of 29*g**4/24 + 23*g**3/6 + 9*g**2. Is r(d) a prime number?
True
Let o = 63566 - 32035. Is o composite?
False
Let l = 64675 - 35252. Is l prime?
True
Suppose 4*j - j + 4*r = 34, -j - 2*r + 12 = 0. Let k be (-1 - j/(-3)) + (-4)/(-6). Suppose -5*q = -4*z + 763, 368 = 2*z + 5*q - k*q. Is z composite?
True
Suppose -2503433 = -28*z + 1073763. Is z a prime number?
False
Let m(v) = -9*v + 1. Let l be m(0). Let w be (-18 - -18)/((-2)/l + 0). Suppose o - 3*b - 568 = w, -2*o = b - 2*b - 1111. Is o a composite number?
True
Is 4 + -9 - -28404 - (-5 - -4 - 1) a composite number?
True
Suppose -5*q + p + 1005073 = 0, -45599 = -q + 5*p + 155454. Is q a composite number?
True
Let j(c) = -18 + 2*c - 23*c**2 - c**3 + 5*c**2 + 10*c + 10*c. Is j(-21) a prime number?
False
Let k(s) = 66797*s + 8699. Is k(22) prime?
False
Let u = -66 - -73. Suppose -11*d + 10*d = -u. Suppose 4*n - d*n + 1143 = 0. Is n prime?
False
Let w(d) = 46*d - 71. Let a be w(12). Let m = -285 + a. Is (-56)/m - (-6771)/7 prime?
True
Let c be ((-3 - 1)/1)/(-2). Suppose 23 = u + 4*l, -4*u + c*l + 22 = 4*l. Suppose -g + 1193 = -u*i + 17095, 2*g = 5*i - 26505. Is i a prime number?
False
Let i(u) = -3*u**2 - 51*u + 50. Let h be i(-18). Is 13566 + ((-66)/14 - h/(-14)) a prime number?
False
Is (-2)/(-26) + (-18131498)/(-2093) a composite number?
False
Is ((-159508)/(-12) - 4) + 3/(-9) + 1 a composite number?
True
Let p(w) = 3178*w**2 - 68*w - 1020. Is p(-11) a prime number?
False
Let a = 107 - 88. Let r(k) = 523*k - 75. Is r(a) a composite number?
True
Suppose -10 = 4*n - 22. Suppose 2*l + 31 = n*y + 9, -5 = -5*l. Suppose y*f - 2228 = 4*f. Is f composite?
False
Let c be (-1)/(-7) + 119518/(-49). Is (c/12 + -2)/(1/(-4)) composite?
False
Let t = 253682 + -169633. Is t composite?
True
Is (-24636171)/245*5/(-3) prime?
True
Let d = 2 - -22. Suppose d*f + 68 = 20*f. Let g(v) = -89*v + 30. Is g(f) prime?
True
Let n = 590936 + -304285. Is n composite?
False
Let d(n) = -n**3 + 73*n**2 - 16*n - 117. Is d(64) composite?
True
Let p be 1 + 4 - (-13)/((-78)/(-12)). Suppose -p*g = 11 - 81. Is (4/6)/(g/5955) composite?
False
Suppose -2*i - 5*t = -870, 3*i = -12*t + 10*t + 1327. Suppose -h = -i - 3522. Is h prime?
True
Let h be -2 + 15284 + (3 - 5)*1. Suppose 0 = -11*v + 57465 - h. Suppose -3*z - 2*y = 3*y - v, 0 = -4*z + 3*y + 5152. Is z composite?
True
Let h(s) = 3*s**2 - 37*s + 6. Let k be h(-10). Suppose 79930 = k*o - 666*o. Is o a composite number?
False
Let g(l) = -l**3 + 2*l**2 + 10*l - 4. Suppose -60 = 6*w + 6. Is g(w) composite?
False
Suppose 0 = -5*t + 2*t + 2*v - 61, -5*v = 5*t + 110. Suppose 13*n + 5 = 18*n, -3*n + 45 = 3*y. Is y/t + (-248)/(-3) composite?
True
Let n be 1 + (-13706)/(-6) + 1/(-3). Let f be (1 - n)/(1/(-3)). Let j = f + -3403. Is j a composite number?
False
Let s(i) = 6*i + 12. Let y be s(-3). Is (-41645)/y - (-19)/114 composite?
True
Let c be -4 + 20 + (4 + -4 - -4). Is ((-16)/c)/(-2) - (-2086)/10 a prime number?
False
Suppose o + 0*a = -2*a + 5, 4*o + 2*a - 20 = 0. Suppose o*j - 6 - 4 = 0. Suppose -2*i = -3*d - 308, d + j*d = 3*i - 465. Is i prime?
True
Suppose 5*x + 3993 = -4*m - 5746, 7787 = -4*x + m. Let c = 30080 + x. Is c composite?
True
Let y = -5094 + 5095. Suppose 4*l - 5 = -37. Is (y - (-585)/(-12))/(1/l) prime?
False
Let z(j) = 3*j + 12. Let t be z(-5). Let x be -2*((-4)/4 - 0). Is (2/((t/249)/(-1)))/x a prime number?
True
Is (-3181930)/(-6) - ((-184)/12 - -14)*1 prime?
False
Let v(t) be the first derivative of -482*t**2 + 9*t + 9. Is v(-3) composite?
True
Let a = 8245 + -5811. Let l = 6481 + a. Is l a composite number?
True
Suppose 3*k = -5*n + 1040276, 34*k = 38*k + 3*n - 1387031. Is k a composite number?
True
Let k be 12101 + 6/(-9) + (-1)/3. Suppose -4*i + k = 3*d, -17*i + 18*i - 3006 = 4*d. Is i a prime number?
False
Let m(v) = -3*v**2 - 15*v + 68. Let n(o) = -o + 3. Let u(g) = -m(g) + n(g). Is u(-34) a prime number?
True
Suppose -3*o = -4*z - 208, -o - 134 = -3*o + 5*z. Suppose -2*y = 4*j - 4684, 4*j - 4756 + o = y. Is j prime?
True
Let a = 127865 - 26724. Is a composite?
False
Suppose 0 = -2*t + 4*u + 164914, 2*t - 4150 = -u + 160764. Is t a composite number?
False
Let l(x) = -x**3 + 11*x**2 - 10*x + 2. Let f be l(10). Suppose f*b = 89 + 69. Suppose -5*m + 136 = -b. Is m prime?
True
Suppose -158*c = -154*c - 19144. Let s = 9557 - c. Is s a prime number?
False
Let v be (3 + 7)*384/(-4). Let w be v/(-7)*3*231/11. Suppose 5*n = w + 5655. Is n a composite number?
True
Let j be (-10)/15 + (-29)/(-3) + -2. Suppose -2*s + 7 = 3*g, 5*g - 2 = 5*s - j. Is -1594*(4/8 - g) a prime number?
True
Suppose z - 4*w = -z - 2748, 4155 = -3*z - 5*w. Let g = -1473 + 1102. Let s = g - z. Is s prime?
True
Let w be 12/(-3) - (-80)/10. Suppose 0*z + 2 = -w*q - 2*z, -4*z = 4*q + 8. Is q + 3202/(-6)*(6 - 12) composite?
False
Let n(d) = 3044*d**2 - 2*d - 1. Let w be 291*(-1 - (-12)/9). Let z = -96 + w. Is n(z) a prime number?
True
Suppose -x + 3*x = m + 4, 4 = -5*m + 2*x. Suppose -5*k + 152 - 42 = m. Suppose k*w = 26*w - 136. Is w a composite number?
True
Let i(w) = -w + 25 - 14 - w**2 - w. Let z be i(0). Suppose -z*f + 8149 = -9858. Is f composite?
False
Let r(u) = -793*u + 16. Let n = 77 + -80. Is r(n) a composite number?
True
Let n = -424584 - -723865. Is n a composite number?
False
Suppose -72178 + 18629 = -8*m + 13579. Is m prime?
False
Is (70232/20)/((-40)/(-100